859946. Is j composite?
True
Suppose 0 = 5*f - 6 - 14, 3*f - 5551 = j. Let l = -13326 - j. Let a = l - -12850. Is a a composite number?
True
Let i(c) = 6668*c**3 + 6*c**2 - 17*c + 61. Is i(4) a composite number?
False
Let w = 62 - 71. Let f(r) = -2*r - 18. Let b be f(w). Suppose b*t + 4852 = 2*t. Is t prime?
False
Suppose -i = 2*u + 2*u + 3550, 0 = -5*u - 25. Let o = -2395 - i. Is o a prime number?
False
Let h(n) = -7*n**3 + 10*n**2 - 9*n - 31. Let x(q) = q**2 - 24*q - 190. Let b be x(30). Is h(b) composite?
False
Let k(p) = 5*p**3 - 7*p**2 + 6*p - 5. Let y(g) = -g**2 + 5*g + 38. Let m be y(9). Suppose -6 = -o + m. Is k(o) a composite number?
True
Let j(r) be the third derivative of r**4/6 - 19*r**3/6 - 38*r**2. Let x be j(6). Suppose -5*m + 19095 = -5*u + 3*u, -19080 = -5*m + x*u. Is m composite?
False
Is 12/(-2)*11/(-363) + (-90637155)/(-99) a composite number?
False
Suppose 8 = 5*m - 4*k + 5*k, 0 = 5*m - 3*k + 4. Let i be (9 - (-6 - -12))*(248 - m). Let y = i - 328. Is y a prime number?
False
Is ((-6)/(-4))/(9/263994) prime?
False
Let c(v) = -v**3 - 8*v**2 + 57*v - 61. Is c(-19) prime?
False
Let i(j) = j + 16. Suppose -5*t + 2*o + 170 = o, 3*t - 104 = o. Is i(t) prime?
False
Let n = -36042 - -54436. Suppose 3*t + 2*x = 3*x + n, -18398 = -3*t + 5*x. Is t a composite number?
False
Suppose 2 + 6 = 3*y + 2*h, 0 = 4*y + 2*h - 8. Suppose y = b + 4*b - 92165. Is b a composite number?
False
Let t(x) = 62 + 47*x**2 - 3*x - 13 + 28 - 14. Is t(-19) a prime number?
False
Suppose -3*x + r + 4 = 0, -1 = -3*r + 5. Let c be x*(-4)/(-6) - (-1988)/21. Suppose 1272 - c = 4*y - i, 2*y = -i + 582. Is y prime?
True
Let x be 25/10*4/5. Let o(q) = -q**2 + 1. Let w(v) = -84*v**2 + v - 4. Let u(t) = -o(t) - w(t). Is u(x) a composite number?
True
Let p(g) = -1298*g + 1455. Is p(-28) prime?
True
Let r = 162 + -178. Is 1012/r*(-80)/20 a composite number?
True
Let x(b) = 11 + 7*b + 8*b + 10*b**2 - 11 - 2*b + 9. Let j be 1 - 2 - (1 - -10). Is x(j) a prime number?
False
Let q = 19 + 77. Suppose -101*x + q*x + 6635 = 0. Is x prime?
True
Suppose 4*a = 5*j + 1033, 0 = -j - 2*j + a - 624. Suppose 4*k = 3*m - 2305, 3*m + 860 = -3*k - 895. Let g = j - k. Is g a prime number?
False
Let j = -10800 - -124307. Is j composite?
True
Suppose 71*w + 30 = 76*w. Suppose w*q - 6337 = 6131. Is q prime?
False
Suppose 3*l - 4*p - p - 5534 = 0, 3*l - 5530 = 4*p. Suppose 4*d - 5457 = -0*y - 3*y, y = 5*d + l. Is y composite?
False
Let y be (2 + -5)/(36/(-80004)). Suppose u - y = -1496. Is u prime?
True
Let f = 76 - 77. Let w be -4 + (2 - f) + (14 - 2). Suppose w*j - 1026 = 2923. Is j a composite number?
False
Suppose 67*d - 15776 = -55*d + 90*d. Let b = 183 + -330. Let y = b + d. Is y a composite number?
True
Let v be (-14 - -8)*(-1)/(-3). Is v/8 + 16830/24 a prime number?
True
Let t(n) = n**2 + 55*n - 169. Is t(16) prime?
True
Suppose -5*r - 5*i = -25, 3*r - 2*i + 1 - 11 = 0. Suppose -7831 = -3*q + r*p, 7*q - 3*p = 4*q + 7836. Is q a prime number?
True
Suppose -3*o + 78 = 66. Suppose o*x + 17058 = 4*s + 3*x, 3*x = s - 4259. Is s a prime number?
False
Is (-312492)/(-16)*324/243 prime?
True
Let a(r) = -21*r**3 - 10*r**2 - 35*r + 8. Is a(-14) a composite number?
True
Let o = -54600 - -81617. Is o composite?
False
Suppose 2*t = -30 + 22. Let n be 2 - (-4310 + -3 + t). Suppose -2*d - 4331 = -5*k + d, n = 5*k + 3*d. Is k a composite number?
True
Suppose -156 = -11*h - 35. Is 2/h - 40525/(-55) - 4 composite?
False
Let s = -3000 - -1088. Let x be 12/(-15) - (-74817)/(-135). Let u = x - s. Is u a composite number?
True
Let y = -8894 + 26684. Suppose -2*a + 11235 = -5*o, 5*a - 2*o - 10287 = y. Suppose 0*x + a = 5*x. Is x a prime number?
True
Let m be 1/((1/(-1))/217). Let d(c) = 118*c + 704. Let i be d(-2). Let w = m + i. Is w prime?
True
Let a be -58*14 - (5 - 4). Let o = -78 - a. Suppose 3*p + 3112 = 2*y, 4*y - 5*p + o - 6961 = 0. Is y composite?
False
Let g be 8/28 + 52/14. Suppose -2*d + 3*b = -382, -3*d - 2*b = -g*d + 192. Suppose -3*k + d = 11. Is k composite?
False
Is (963685/10)/((-2)/(-3)*54/72) a prime number?
True
Suppose f + 5*g + 21 = 0, -2*g = -2*f - 0 + 6. Let d be 4 + -4 + (-7)/f. Is (-27)/(-63) + 3784/d a composite number?
False
Suppose -81*z + 4825541 + 610126 = 0. Is z prime?
False
Let p(x) = 716*x - 2681. Is p(87) composite?
False
Let j(t) = 116*t**3 + 2*t**2 - 2*t - 7. Suppose -15 - 9 = -8*h. Is j(h) prime?
True
Suppose -78*p + 77*p + 611 = 0. Suppose -p = -4*j + 3065. Is j composite?
False
Let o be 0/((-6 - -3)*4/(-6)). Suppose o = 2*t - x - 22182, 5*t - 2*x = -14088 + 69541. Is t prime?
False
Is (-112)/(-8) + 1 + 40724 a composite number?
False
Suppose 454*w + 67164563 - 135416640 = 113196741. Is w prime?
True
Let a(b) = 51*b**2 - 19*b + 37. Let y(k) = 2*k + 16. Let h be y(-16). Is a(h) a composite number?
False
Suppose 3*y - 4*c = 2420, 2*y + c + 172 = 1789. Let k = -414 + y. Is k composite?
True
Let w = 472317 - 193750. Is w composite?
True
Let t = 47395 + -26936. Is t a composite number?
True
Let d be (-253)/(-88) + 1/8. Suppose -364 = d*c + c. Let w = 306 + c. Is w composite?
True
Suppose 0 = -4*a - 16, -2*w - 3*a = 3*w - 565313. Is w prime?
False
Suppose -5*z + z = 3*f - 39, 2*z - 4*f = -8. Let s = -6 + z. Suppose m = 2*h - 3134, s = h + 2*m - 572 - 995. Is h prime?
True
Let k = 23 + -27. Let b be (k/10)/((-2)/10). Suppose -4*q = -3*w - 880, -4 = b*w - 3*w. Is q composite?
False
Let z(j) = 17707*j + 320. Is z(13) a composite number?
True
Let p = 30 + -30. Suppose p = -5*m + 2 + 28. Is 4106/m - 4/3 composite?
False
Suppose i = 2*p + 546777, -25*i - 2733989 = -30*i - 3*p. Is i a composite number?
True
Suppose 4*u + 42 = -5*x, -x = 4*x + 5*u + 40. Let b(v) = -v**3 - 9*v**2 + 9*v - 7. Let i be b(x). Suppose -4*n = -i*n - 853. Is n a prime number?
True
Is (-282812132)/(-1937) + 6/(-26) a prime number?
False
Let v = 409341 + -184391. Suppose -21*f - 29*f = -v. Is f a composite number?
True
Let z = -46732 - -88833. Is z composite?
False
Let f(x) = 3*x**3 + 13*x**2 - 15*x - 19. Let m(n) = -2*n**3 - 6*n**2 + 7*n + 9. Let t(d) = 2*f(d) + 5*m(d). Let u be t(-5). Is (u/1)/(2/5) composite?
True
Let d = 23308 - 10145. Let z = d + -1894. Is z prime?
False
Suppose -3*i = 3*w + 6, 5*w + 21 = i - 7. Suppose -i*o = -20 - 1. Suppose -177 = 4*p - o*p. Is p composite?
False
Let i(n) = -3*n - 10. Let u be i(-4). Let o = 7 - u. Suppose 2*s - o*q - 1663 = 0, s - 3*s + 1672 = -2*q. Is s composite?
False
Suppose -20 = -5*b, 2*f + 66*b - 64*b - 64174 = 0. Is f a composite number?
False
Let w be 24/4*(3 - (-52)/(-8)). Let f(h) = -h**3 - 20*h**2 + 21*h - 7. Let c be f(w). Is (-27963)/(-91) - (-2)/c a prime number?
True
Let c be (-2)/4*(2 - (-60)/(-5)). Suppose -4*z = c*u - 16556, -4*z + 7*u + 16556 = 5*u. Is z a prime number?
True
Let f = -112 + 123. Suppose -7977 = -u + 2*g, -f + 3 = -2*g. Is u prime?
False
Suppose 4*b = -2*o + 184520, -2*o - 34550 - 57728 = -2*b. Is b a prime number?
True
Suppose -4*u - 23*t + 614691 = -24*t, -3*u = -3*t - 461016. Is u a composite number?
True
Let c(i) be the second derivative of -77*i**6/720 - i**5/8 + 5*i**4/12 - 10*i. Let h(s) be the third derivative of c(s). Is h(-4) a composite number?
False
Let z be 5 - (1/1 + 0). Suppose 85 = z*k + k. Suppose -123 = k*p - 18*p. Is p a prime number?
False
Suppose 0 = 6*v - 46 - 38. Is (-6)/v + ((-22928)/(-7) - 4) prime?
True
Suppose a + 14 = -64*u + 69*u, -4*a - 14 = u. Let s(c) = -9*c**3 + 3*c**2 + 4*c - 7 + 4*c**2 - 6*c**3. Is s(a) composite?
False
Suppose -t + 226787 = 5*n, 226707 = -8*t + 9*t - 5*n. Is t a prime number?
False
Let i = 242 - 238. Suppose -q = -2*h + 6329, -i*q = -4*h + 8341 + 4323. Is h a prime number?
True
Let j be (13 + (-11540)/8)/(12/(-16)). Let a = 662 + 235. Let y = j - a. Is y prime?
True
Suppose 23*g + 30 = 25*g. Let u(l) = l**2 - 14*l - 1. Let r be u(g). Is (-4)/r - (-26430)/42 a prime number?
False
Let j(d) = 4*d + 34. Let p be j(-5). Suppose -4*h - p = -34. Suppose -4*x = -h*x + 203. Is x prime?
False
Let o(a) = a**2 - a + 2. Let h(i) = -3*i**2 - 7*i - 25. Let v(p) = h(p) + 5*o(p). Let c = -33 - -17. Is v(c) composite?
True
Let w(d) = -d**3 - 8*d**2 + 8*d - 5. Let b be w(-9). Let z be 6212/5 + (-4)/10. Suppose -b*s + q = -1679, 0*s + 5*q - z = -3*s. Is s prime?
True
Let h(v) = 197*v**3 + 55*v**2 